{"id":462,"date":"2023-05-30T16:54:37","date_gmt":"2023-05-30T16:54:37","guid":{"rendered":"http:\/\/dohoakientruc.vn\/?page_id=462"},"modified":"2023-06-15T15:26:50","modified_gmt":"2023-06-15T15:26:50","slug":"thong-tin-giao-vien","status":"publish","type":"page","link":"http:\/\/dohoakientruc.vn\/index.php\/thong-tin-giao-vien\/","title":{"rendered":"Th\u00f4ng tin gi\u00e1o vi\u00ean"},"content":{"rendered":"\t\t<div data-elementor-type=\"wp-page\" data-elementor-id=\"462\" class=\"elementor elementor-462\">\n\t\t\t\t\t\t\t\t\t<section class=\"elementor-section elementor-top-section elementor-element elementor-element-59eb84b elementor-section-boxed elementor-section-height-default elementor-section-height-default\" data-id=\"59eb84b\" data-element_type=\"section\">\n\t\t\t\t\t\t<div class=\"elementor-container elementor-column-gap-default\">\n\t\t\t\t\t<div class=\"elementor-column elementor-col-100 elementor-top-column elementor-element elementor-element-1e3d6a0\" data-id=\"1e3d6a0\" data-element_type=\"column\">\n\t\t\t<div class=\"elementor-widget-wrap elementor-element-populated\">\n\t\t\t\t\t\t\t\t<div class=\"elementor-element elementor-element-4364d3f elementor-widget elementor-widget-heading\" data-id=\"4364d3f\" data-element_type=\"widget\" data-widget_type=\"heading.default\">\n\t\t\t\t<div class=\"elementor-widget-container\">\n\t\t\t<style>\/*! elementor - v3.12.2 - 23-04-2023 *\/\n.elementor-heading-title{padding:0;margin:0;line-height:1}.elementor-widget-heading .elementor-heading-title[class*=elementor-size-]>a{color:inherit;font-size:inherit;line-height:inherit}.elementor-widget-heading .elementor-heading-title.elementor-size-small{font-size:15px}.elementor-widget-heading .elementor-heading-title.elementor-size-medium{font-size:19px}.elementor-widget-heading .elementor-heading-title.elementor-size-large{font-size:29px}.elementor-widget-heading .elementor-heading-title.elementor-size-xl{font-size:39px}.elementor-widget-heading .elementor-heading-title.elementor-size-xxl{font-size:59px}<\/style><h5 class=\"elementor-heading-title elementor-size-default\">GI\u00c1O VI\u00caN GI\u1ea2NG D\u1ea0Y T\u1ea0I TRUNG T\u00c2M DOA<\/h5>\t\t<\/div>\n\t\t\t\t<\/div>\n\t\t\t\t\t<\/div>\n\t\t<\/div>\n\t\t\t\t\t\t\t<\/div>\n\t\t<\/section>\n\t\t\t\t<section class=\"elementor-section elementor-top-section elementor-element elementor-element-14ca38d elementor-section-boxed elementor-section-height-default elementor-section-height-default\" data-id=\"14ca38d\" data-element_type=\"section\">\n\t\t\t\t\t\t<div class=\"elementor-container elementor-column-gap-default\">\n\t\t\t\t\t<div class=\"elementor-column elementor-col-100 elementor-top-column elementor-element elementor-element-eb35fff\" data-id=\"eb35fff\" data-element_type=\"column\">\n\t\t\t<div class=\"elementor-widget-wrap elementor-element-populated\">\n\t\t\t\t\t\t\t\t<div class=\"elementor-element elementor-element-df9e818 elementor-widget elementor-widget-image\" data-id=\"df9e818\" data-element_type=\"widget\" data-widget_type=\"image.default\">\n\t\t\t\t<div class=\"elementor-widget-container\">\n\t\t\t<style>\/*! elementor - v3.12.2 - 23-04-2023 *\/\n.elementor-widget-image{text-align:center}.elementor-widget-image a{display:inline-block}.elementor-widget-image a img[src$=\".svg\"]{width:48px}.elementor-widget-image img{vertical-align:middle;display:inline-block}<\/style>\t\t\t\t\t\t\t\t\t\t\t\t<img decoding=\"async\" width=\"940\" height=\"788\" src=\"http:\/\/dohoakientruc.vn\/wp-content\/uploads\/2023\/06\/tammmmm.png\" class=\"attachment-large size-large wp-image-586\" alt=\"\" loading=\"lazy\" srcset=\"http:\/\/dohoakientruc.vn\/wp-content\/uploads\/2023\/06\/tammmmm.png 940w, http:\/\/dohoakientruc.vn\/wp-content\/uploads\/2023\/06\/tammmmm-300x251.png 300w, http:\/\/dohoakientruc.vn\/wp-content\/uploads\/2023\/06\/tammmmm-768x644.png 768w, http:\/\/dohoakientruc.vn\/wp-content\/uploads\/2023\/06\/tammmmm-600x503.png 600w\" sizes=\"(max-width: 940px) 100vw, 940px\" \/>\t\t\t\t\t\t\t\t\t\t\t\t\t\t\t<\/div>\n\t\t\t\t<\/div>\n\t\t\t\t\t<\/div>\n\t\t<\/div>\n\t\t\t\t\t\t\t<\/div>\n\t\t<\/section>\n\t\t\t\t\t\t\t<\/div>\n\t\t","protected":false},"excerpt":{"rendered":"<p>GI\u00c1O VI\u00caN GI\u1ea2NG D\u1ea0Y T\u1ea0I TRUNG T\u00c2M DOA<\/p>\n","protected":false},"author":1,"featured_media":0,"parent":0,"menu_order":0,"comment_status":"closed","ping_status":"closed","template":"","meta":[],"_links":{"self":[{"href":"http:\/\/dohoakientruc.vn\/index.php\/wp-json\/wp\/v2\/pages\/462"}],"collection":[{"href":"http:\/\/dohoakientruc.vn\/index.php\/wp-json\/wp\/v2\/pages"}],"about":[{"href":"http:\/\/dohoakientruc.vn\/index.php\/wp-json\/wp\/v2\/types\/page"}],"author":[{"embeddable":true,"href":"http:\/\/dohoakientruc.vn\/index.php\/wp-json\/wp\/v2\/users\/1"}],"replies":[{"embeddable":true,"href":"http:\/\/dohoakientruc.vn\/index.php\/wp-json\/wp\/v2\/comments?post=462"}],"version-history":[{"count":19,"href":"http:\/\/dohoakientruc.vn\/index.php\/wp-json\/wp\/v2\/pages\/462\/revisions"}],"predecessor-version":[{"id":589,"href":"http:\/\/dohoakientruc.vn\/index.php\/wp-json\/wp\/v2\/pages\/462\/revisions\/589"}],"wp:attachment":[{"href":"http:\/\/dohoakientruc.vn\/index.php\/wp-json\/wp\/v2\/media?parent=462"}],"curies":[{"name":"wp","href":"https:\/\/api.w.org\/{rel}","templated":true}]}}